tors of x.
337
Suppose -3*m - 4*p = -262, 3*m - 3*p = -5*p + 266. Let d = m + -29. What are the prime factors of d?
61
Let j = -86 + 23. Let k(p) = -3*p - 33. Let r be k(-10). List the prime factors of (-2 + (-2 - r))*j.
3, 7
Let i = -26 + 20. Let w = i + 15. List the prime factors of w/((-36)/8) + 80.
2, 3, 13
Suppose 5*t - 4*u + 46 = 0, u - 6 = t + 4. Let h = t - -10. Suppose -h*x + 0 = -84. What are the prime factors of x?
3, 7
Let w = 7 + -16. Let z(n) = 1 - 9 + 1825*n - 1830*n. What are the prime factors of z(w)?
37
Let c(n) = -5*n - 15. Let m be c(-3). Let h(q) = 2*q + 189. List the prime factors of h(m).
3, 7
Let f(q) = -2*q + 20 + 3*q - 2*q. Suppose 3*z + 34 = 3*d + 2*z, 2*z - 2 = -d. List the prime factors of f(d).
2, 5
Let f be -6 + 21 - (-2 + -2). Let d = f - -54. What are the prime factors of d?
73
Let n be (0 - 3/(-2))*22/3. Suppose -5 = u - n. List the prime factors of u.
2, 3
Suppose 3*y + 2*a = 6*y + 19, a = 3*y + 14. Let t be (y + 1)*(-5)/2. Suppose -t*x - 2*l = -4*l - 227, -4*x - l + 179 = 0. List the prime factors of x.
3, 5
Suppose -3*l + 7*l - 3*p = 200, 0 = p. What are the prime factors of l?
2, 5
Let t = -12 - -14. Suppose n + 0 = t. List the prime factors of (-1)/n + 116/8.
2, 7
Suppose -12820 = -4*n - 4*s, -9*s - 12784 = -4*n - 4*s. What are the prime factors of n?
3, 11, 97
Let a(h) = 2*h + 6 + 26*h**2 + 2*h - 2*h - 2. List the prime factors of a(-2).
2, 13
Let d(f) = f**2 + 3*f + 6. Let b = -10 + 5. Let l be d(b). Let r = l + -6. What are the prime factors of r?
2, 5
Let c = 600 - -101. List the prime factors of c.
701
Let k = -6 - -13. Suppose 9*p - k - 38 = 0. List the prime factors of p.
5
Let u(a) = -2*a**3 - 7*a**2 + 4. Let p = 11 - 16. List the prime factors of u(p).
79
Let x = 446 + 128. List the prime factors of x.
2, 7, 41
Suppose -80 = -3*i - 20. Let h be i/4*(-72)/(-10). Let o = 54 - h. List the prime factors of o.
2, 3
Suppose 34 - 1 = 3*q - 5*h, -30 = -3*q + 4*h. List the prime factors of q/9*(-1 - 2) + 47.
3, 5
Suppose -4*m = a - 11, m - 4*a - 5 = 2. Suppose -5*o - m*p = 9, 0*o + 12 = -o - 4*p. What are the prime factors of -3 - (-35 + (-2 - o))?
2, 17
Let i be 3/(3/(-1))*-4. Suppose i*a - 8 + 24 = 4*o, 5*o - 3*a = 16. Suppose -o*b = b - 81. What are the prime factors of b?
3
Let a(s) = s**3 + 11*s**2 - 3*s - 12. Suppose 9 = -2*h - 4*x + 5, 14 = -3*h - 4*x. List the prime factors of a(h).
2, 59
What are the prime factors of 141*((-1749)/(-297) + 4/9)?
19, 47
Let s(k) = 33*k**2 - 32*k - 30. List the prime factors of s(11).
23, 157
Let q be 32 + -4*2/(-8). Let i = q + -19. What are the prime factors of i?
2, 7
List the prime factors of (-11)/(660/(-194736)) + (-2)/(-5).
2, 3, 541
Suppose -5 = -2*o - 1, -x - 3 = -4*o. Suppose x*w + 3*m - 293 = -m, 5*w - 290 = -5*m. What are the prime factors of w?
61
Suppose -9*n + 7*n = 8. List the prime factors of n/(-22) + (-18000)/(-220).
2, 41
Suppose 92*k - 8016 - 37524 = 0. What are the prime factors of k?
3, 5, 11
Let u be (-316)/(-32) - 2/(-16). Suppose k - u = -k. Suppose -k*i + 99 + 31 = 0. What are the prime factors of i?
2, 13
Suppose 2*t - 10 + 40 = 0. Let i = -15 - t. Let r = i - -5. List the prime factors of r.
5
Let o be 200/(-6) - 8/12. Let m = o + 57. Let z = m - -5. List the prime factors of z.
2, 7
Let m be 0/3*(-7)/(-21). Suppose 9*i - 14 - 211 = m. List the prime factors of i.
5
Suppose -2 = -5*v + 48. List the prime factors of v.
2, 5
Suppose 0 = -a + 3*a + 12. What are the prime factors of (-214)/3*(a/4)/1?
107
Let a be 168 + -3 + 1 + (4 - 2). Suppose 4*f - 2*l - 364 = l, 0 = 2*f + 2*l - a. What are the prime factors of f?
2, 11
Suppose -4*o - q - 412 = -2*q, -324 = 3*o + 3*q. Let v = -69 - o. List the prime factors of v.
5, 7
Let v(y) = -y**3 + 9*y**2 - 8*y + 10. Let c be v(8). Let s(m) = -4 + 4*m - 3*m + 0*m. List the prime factors of s(c).
2, 3
Let w(j) = -156*j**3 + 3*j**2 - 4*j - 1. Let p be w(2). What are the prime factors of (10/15)/((-10)/p)?
83
Let y = 1884 + -536. What are the prime factors of y?
2, 337
Let w = 146 + 162. List the prime factors of w.
2, 7, 11
Suppose 7*m = 15*m - 24. Suppose m*u - 32 = 13. List the prime factors of u.
3, 5
Let x be (0 - 0)*(1 + 0). Suppose 4*f + 0 - 4 = x. What are the prime factors of -8 + 4 + f + 51?
2, 3
Let r(k) = 8*k**3 - 5*k**2 + 9*k - 26. List the prime factors of r(7).
2, 317
Suppose x = -6*x + 28. What are the prime factors of (0 - x) + 2 + 65?
3, 7
Suppose 6*q = 12 + 6. List the prime factors of (-126)/(-8)*(-4)/q*-2.
2, 3, 7
Suppose 421 = 5*d - 6574. List the prime factors of d.
1399
Let v(a) = -5*a + 9*a**3 + 4*a**2 - 8*a**3 - 1 + 3. Let o be v(-5). Suppose 21 = o*f - 97. What are the prime factors of f?
59
Suppose -295 = -4*b + 3*z, -z = 3*b + 2*z - 237. Suppose -3*p + 425 = 5*c + 2*p, 0 = c + 4*p - b. Let l = 146 - c. List the prime factors of l.
2, 29
Suppose -3*g = -2*g - 2. Suppose -v - 16 = c + 3*c, g*v + 12 = -3*c. What are the prime factors of (2/c)/(6/(-516))?
43
Let r = 24 - 34. Let a = r - -15. What are the prime factors of (6/a)/(4/130)?
3, 13
Suppose 3*y + 3 - 12 = 0. Suppose -2*f + 10 + 20 = 0. Suppose -d + f = y. What are the prime factors of d?
2, 3
Let y be (-441)/(-12) + (-76)/16 + 5. Suppose y = 3*x - 455. What are the prime factors of x?
2, 41
Let w(b) = 6*b**2 - 2*b + 1. Let n be w(1). Suppose -2*f = n*r - 0*f - 23, 29 = 5*r - 4*f. Suppose r*m = 90 - 20. What are the prime factors of m?
2, 7
Suppose 3*d = o, -o + 8 = d - 12. Let c = -3 + o. Let w(b) = b**3 - 13*b**2 + 15*b - 18. List the prime factors of w(c).
2, 3
Let o(h) = -6 - 10*h**3 + h + 9*h**3 - 2*h**2 + 8. Let x be o(-1). What are the prime factors of (x - 2 - 144)/(-2)?
73
List the prime factors of (-1861)/(-2) - 0 - 32/(-64).
7, 19
Suppose 261 - 736 = 5*f. What are the prime factors of f/((-1)/1*1)?
5, 19
Let l(k) = -2*k**2 - 18*k - 4. Suppose 17 = -5*o - 13. What are the prime factors of l(o)?
2
Suppose -179*h = -157*h - 15422. List the prime factors of h.
701
What are the prime factors of 38/(-304) + (-9042)/(-16)?
5, 113
Let j(x) = x + 129. Let c(d) = d**3 - 7*d**2 + 10*d. Let w be c(5). Let u be j(w). Suppose 5*g + 2*p - 4*p = u, -6 = 3*p. List the prime factors of g.
5
Let f = 42 + -45. What are the prime factors of ((-4)/f - 2) + (-4424)/(-21)?
2, 3, 5, 7
Let c = 32 + 163. Let u = -68 + c. List the prime factors of u.
127
Let j = 300 - -59. What are the prime factors of j?
359
Let x(t) = 2*t**2 - 16*t. Let f be x(8). Suppose 4*m - 4*k - 288 = m, 3*k = f. What are the prime factors of m?
2, 3
Let k be (690/(-4))/(-3)*(0 - 2). Let b = -62 - k. What are the prime factors of b?
53
Suppose r + 2*u + 31 = 0, -r = -2*r + 2*u - 19. Let b = 49 + r. List the prime factors of b.
2, 3
What are the prime factors of (70/3)/(-6 - 2530/(-420))?
2, 5, 7
List the prime factors of (-24)/((-32)/(-4)) - (-554)/2.
2, 137
Let c(b) = -9*b**2 - 8*b + 5. Let v be c(3). Let f = v - -281. What are the prime factors of f?
181
Let v(u) = -14*u + 2*u - 3*u - 3*u. What are the prime factors of v(-1)?
2, 3
Let q(r) = 2*r - 19. Let x = -7 + 20. Let y be q(x). Suppose 4*m - 21 = y. List the prime factors of m.
7
Suppose 143 + 46 = b. List the prime factors of b.
3, 7
What are the prime factors of (519 + -5)*1 - -3?
11, 47
Suppose -3*s - 36 = 4*w, 4*w = -w + s - 26. Let z(k) = -k**3 - 3*k**2 + 4*k + 14. What are the prime factors of z(w)?
2, 7
Let u(i) = 1267*i**3 + i. Let n be u(1). Suppose -5*d - 20 = 0, -4*d = -4*p + d + n. List the prime factors of p.
2, 3, 13
Suppose 4*s = -3*t + 10, s + s + 4*t = 0. Suppose f + 4*f + s*l - 284 = 0, 0 = -2*f - 3*l + 108. Suppose -6*w + f = -w. What are the prime factors of w?
2, 3
Let h be -6*((-21)/6 - -3). Suppose 3*o + 5*a - 96 = 0, -a - 13 = h*o - 121. What are the prime factors of o?
37
Suppose 0 = 6*f - 161 - 175. List the prime factors of f.
2, 7
Suppose 2*v - 5*c = -2*c + 752, -v + c + 376 = 0. What are the prime factors of v?
2, 47
Suppose 0 = -3*u - 5*w - 720 + 3636, 4*u + 2*w - 3888 = 0. List the prime factors of u.
2, 3
Let v = -672 - -1242. What are the prime factors of v?
2, 3, 5, 19
Let q(p) be the first derivative of 2*p**3 + 5*p**2/2 - 8*p - 5. List the prime factors of q(-5).
3, 13
Suppose -263 - 227 = 5*l. Let m = l + 185. List the prime factors of m.
3, 29
Suppose 10*c - 688 = 2